 Calculate j(-61).
10
Let c(t) = -48384*t - 628999. Calculate c(-13).
-7
Let m(d) = 2*d**3 - 35*d**2 + 63*d - 173. Calculate m(16).
67
Let n(l) = 24143*l - 1907287. Give n(79).
10
Let u(n) = 23*n**3 - 5996*n**2 - 1855*n + 7303. Determine u(261).
-5
Let k(f) = 41*f + 1727. What is k(-80)?
-1553
Let z(q) = 2*q**2 + 3700*q - 89223. Give z(24).
729
Let q(w) = -1656754*w - 9940548. Determine q(-6).
-24
Let j(p) = -11536*p - 46159. What is j(-4)?
-15
Let f(s) = -1581*s - 1941469. Determine f(-1228).
-1
Let d(t) = t**3 - 331*t**2 + 2549*t + 298. Give d(8).
18
Let j(b) = -b**2 + 976*b - 90711. Give j(104).
-23
Let d(k) = 116*k + 5299. Give d(-40).
659
Let c(o) = 9629*o - 587327. Give c(61).
42
Let y(l) = l**3 + 6*l**2 + 1291*l + 5191. Give y(-4).
59
Let n(i) = 18*i**2 - 6813*i + 3350. Determine n(378).
-52
Let p(s) = -3061*s + 15429. Give p(5).
124
Let w(a) = -1064940*a + 2129862. What is w(2)?
-18
Let n(v) = 306*v + 17430. Calculate n(-53).
1212
Let o(y) = -y**2 + 35*y + 1454. Calculate o(55).
354
Let y(a) = 171*a**2 + 258*a - 177. What is y(-3)?
588
Let a(f) = 2*f**3 - 227*f**2 - 1305*f - 415. What is a(119)?
61
Let l(c) = c**3 + 61*c**2 - 963*c - 96. What is l(-74)?
-22
Let r(n) = 492*n**2 - 7373*n - 91. Determine r(15).
14
Let u(b) = -91300*b + 639094. Give u(7).
-6
Let k(v) = -1007*v + 150585. What is k(149)?
542
Let p(d) = -350*d**2 + 3916*d - 726. What is p(11)?
0
Let x(j) = 3359*j + 10510. Determine x(-3).
433
Let c(k) = 6*k**3 - 196*k**2 - 206*k - 817. What is c(34)?
1427
Let h(f) = -6094*f + 30552. What is h(5)?
82
Let u(m) = 20595*m - 23025212. What is u(1118)?
-2
Let w(z) = -9*z**3 - 45*z**2 + 632*z + 3149. Calculate w(-5).
-11
Let u(k) = -12433*k - 86593. What is u(-7)?
438
Let v(j) = 6476*j + 3451737. Calculate v(-533).
29
Let g(j) = 21014*j**2 + 21244*j + 5. Determine g(-1).
-225
Let f(b) = -97008*b + 97073. Give f(1).
65
Let t(u) = u**3 + 77*u**2 - 2311*u + 5312. Determine t(21).
-1
Let x(i) = -3*i**3 + 10*i**2 + 16*i - 20. What is x(-9)?
2833
Let t(w) = w**3 + w**2 - 333*w - 10. What is t(17)?
-469
Let t(z) = -z**3 + 19*z**2 + 77*z - 247. Calculate t(22).
-5
Let a(t) = 237*t + 90050. What is a(-380)?
-10
Let v(p) = -p**3 - 185*p**2 - 5838*p - 9573. Give v(-38).
3
Let p(d) = d**2 - 181*d - 18437. Calculate p(255).
433
Let b(w) = -3*w**3 + 291*w**2 - 5110*w + 245. Calculate b(74).
-51
Let d(m) = m**3 - 126*m**2 - 1359*m - 173. Calculate d(136).
-37
Let f(d) = -2*d**3 + 110*d**2 - 18*d + 61. Calculate f(55).
-929
Let r(t) = 10*t**3 - 747*t**2 - 248*t + 1610. Give r(75).
-115
Let z(d) = -204*d**2 - 3046*d + 218. Calculate z(-15).
8
Let v(y) = -12048*y - 180715. What is v(-15)?
5
Let v(i) = 57*i**3 + i**2 - 6502*i + 6502. Give v(1).
58
Let f(x) = 3817*x + 34272. Determine f(-9).
-81
Let q(h) = -14234*h + 227744. What is q(16)?
0
Let r(k) = 25*k**2 + 34*k - 60. Calculate r(-9).
1659
Let v(c) = 4*c**2 + 784*c + 21060. Give v(-164).
68
Let c(d) = d**2 + 142*d - 1722. What is c(9)?
-363
Let d(u) = -27326*u + 929106. Give d(34).
22
Let f(q) = 2*q**2 + 1208*q + 33367. What is f(-29)?
17
Let j(w) = 68*w**2 - 4015*w + 7916. Calculate j(57).
-7
Let d(y) = -207*y**2 + 852*y - 1702. Determine d(2).
-826
Let t(o) = -o**3 - 48*o**2 - 131*o + 1974. Determine t(-9).
-6
Let w(y) = 2*y**2 + 268*y - 52917. Calculate w(109).
57
Let l(m) = -9*m**2 + 127*m - 81. What is l(9)?
333
Let d(x) = -5*x**2 - 284*x - 1561. What is d(-51)?
-82
Let s(r) = 596*r - 37584. Calculate s(63).
-36
Let j(h) = -10*h + 468. Give j(25).
218
Let z(m) = -33*m**3 + 9*m**2 - 8*m - 2. Give z(1).
-34
Let n(j) = -j**3 - 8*j**2 - 177*j + 783. What is n(4)?
-117
Let z(h) = -2*h**2 + 2136*h - 8504. Calculate z(4).
8
Let u(n) = 3*n**3 - 10*n**2 - 3727*n + 11196. Give u(3).
6
Let t(k) = -1057*k - 123688. Give t(-117).
-19
Let a(r) = -r**3 + 125*r**2 + 533*r - 2596. Calculate a(129).
-403
Let f(t) = -t**3 - 43*t**2 - 234*t - 6. Calculate f(-37).
438
Let t(g) = 6538*g + 11500339. Give t(-1759).
-3
Let k(o) = -o**2 + 139*o - 530. Give k(0).
-530
Let u(i) = i**3 - 299*i**2 - 1043*i - 51181. What is u(303)?
26
Let i(r) = -1086*r**2 - 310*r + 612. Give i(2).
-4352
Let m(s) = 2*s**3 + 1336*s**2 + 2664*s - 561. What is m(-666)?
-561
Let b(g) = 770*g**2 + 3808*g - 257. Give b(-5).
-47
Let q(t) = 17*t**2 + 400*t + 1207. Give q(-3).
160
Let d(l) = -3*l**3 + 41*l**2 + 736*l - 10327. Determine d(13).
-421
Let b(h) = 7*h**3 - 344*h**2 - 31*h + 3279. Give b(49).
-641
Let k(q) = 36*q**2 - 7*q - 76. Calculate k(2).
54
Let j(p) = 7*p**3 + 12*p**2 + 25*p + 40. Determine j(-2).
-18
Let f(c) = 6*c**3 + c - 16. What is f(-4)?
-404
Let m(s) = 631*s + 6640. What is m(-22)?
-7242
Let r(a) = -10848*a + 1063196. What is r(98)?
92
Let t(n) = -2*n**3 + 4*n**2 - 940*n + 5626. What is t(6)?
-302
Let i(y) = 23306*y + 139788. What is i(-6)?
-48
Let i(h) = -3*h**3 + 149*h**2 - 1657*h - 3723. Determine i(22).
-5
Let r(z) = -2*z**2 - 72*z + 441. Determine r(-23).
1039
Let a(h) = 56798*h - 7. Give a(0).
-7
Let h(z) = -z**2 - 351*z + 13055. Determine h(-385).
-35
Let b(g) = 153*g**2 - 226*g - 153. Calculate b(2).
7
Let m(f) = 1402*f**2 + 1421*f + 62. What is m(-1)?
43
Let v(f) = -f**2 + 140*f - 4906. Determine v(66).
-22
Let n(d) = -18*d**2 + 36*d + 820. What is n(8)?
-44
Let p(v) = -v**3 + 3734*v**2 - 22389*v + 119. Give p(6).
-7
Let t(m) = m**2 - 72625*m + 145252. Give t(2).
6
Let q(u) = -u**2 - 2309*u + 416082. Give q(168).
-54
Let b(u) = -u - 37. Calculate b(-281).
244
Let f(p) = 145*p + 7741. What is f(-48)?
781
Let k(s) = -17*s**3 - 9*s**2 + 121*s + 5. Determine k(-3).
20
Let u(x) = 4*x**2 + 3389*x - 152173. Determine u(-890).
17
Let c(l) = 128*l**2 + 1753*l + 1172. Give c(-13).
15
Let l(u) = -3*u**3 - 874*u**2 + 6879*u + 618. Determine l(-299).
20
Let n(i) = -3*i**2 - 163*i - 3453. Determine n(-20).
-1393
Let c(r) = -26271*r - 131331. Determine c(-5).
24
Let y(d) = -63044*d - 11978357. Give y(-190).
3
Let c(j) = -20132*j + 40263. Determine c(2).
-1
Let g(z) = 3*z**2 - 224*z + 126. Calculate g(75).
201
Let q(g) = -36292*g + 326620. Calculate q(9).
-8
Let v(g) = -21290*g - 1170954. Determine v(-55).
-4
Let l(f) = -10*f**3 + 400*f**2 + 40*f - 2762. Calculate l(40).
-1162
Let j(f) = -713*f + 15642. Determine j(22).
-44
Let i(t) = -580*t**2 - 66120*t + 293. Calculate i(-114).
293
Let z(l) = -1712*l + 17294. What is z(10)?
174
Let a(j) = j**2 - 247*j - 9376. Calculate a(-33).
-136
Let q(c) = -2454*c - 49671. Give q(-21).
1863
Let z(q) = 3218*q**2 + 22505*q + 19. Determine z(-7).
166
Let v(l) = 51*l**2 - 855*l - 2549. What is v(-3)?
475
Let l(u) = u**2 - 262*u - 9734. What is l(-32)?
-326
Let a(g) = 17*g**2 - 179*g + 828. Calculate a(5).
358
Let y(m) = -192*m - 1294. Calculate y(-11).
818
Let t(i) = 231868*i - 20404370. Determine t(88).
14
Let w(i) = 18350*i + 1229416. Give w(-67).
-34
Let f(d) = d**2 + 224*d + 3493. Calculate f(-43).
-4290
Let h(l) = 13*l + 137. What is h(-23)?
-162
Let b(l) = -9*l**2 + 420*l + 5309. Determine b(-12).
-1027
Let f(b) = 1322852*b + 13228492. Calculate f(-10).
-28
Let q(w) = w**2 + 55*w + 69. Give q(-45).
-381
Let d(j) = -j**3 + 35*j**2 - 27*j + 1215. Give d(35).
270
Let l(b) = -13*b**3 - 24*b**2 - 141*b + 13. What is l(-5)?
1743
Let g(t) = 4374*t - 1924568. Calculate g(440).
-8
Let j(t) = -2*t**3 - 24*t**2 + 346*t - 524. What is j(7)?
36
Let q(c) = 58*c**2 + 352*c - 1080. Give q(3).
498
Let x(t) = 383*t + 14604. Give x(-51).
-4929
Let c(g) = 2*g**2 - 8228*g + 1874053. Calculate c(242).
5
Let u(b) = -b**3 - 4*b**2 + 389*b - 48. Calculate u(-22).
106
Let s(a) = -336*a**2 + 2995*a - 2453. Determine s(8).
3
Let p(c) = -1387*c + 2767. Determine p(2).
-7
Let y(i) = i**3 + 3*i**2 - 281*i - 1101. Give y(-4).
7
Let h(u) = -u**2 + 149*u - 2782. Determine h(128).
-94
Let a(p) = 665*p - 197622. Give a(298).
548
Let i(f) = 647*f - 20707. Determine i(32).
-3
Let d(g) = -285*g + 18997. Determine d(67).
-98
Let y(k) = 299*k**2 - 20033*k + 18. Calculate y(67).
18
Let n(l) = -1859*l + 109895. Calculate n(59).
214
Let u(h) = -6673*h - 60102. Give u(-9).
-45
Let v(q) = 29*q**3 + 5224*q**2 + 721*q + 100. Calculate v(-180).
-80
Let u(w) = -17*w**2 - 2619*w - 10639. Give u(-4).
-435
Let l(y) = -y**3 + 109*y**2 + 681*y - 81. Determine l(-6).
-27
Let v(w) = 200*w**2 + 12818*w + 1114. What is v(-64)?
-38
Let t(g) = 41*